-11
Evaluate -3 - (-1 - 3) - (1 - -1).
-1
2 - (-2 - ((3 - 3) + -3))
1
Evaluate (-7 - (1 + -13)) + -8.
-3
What is the value of 5 - (-3 - -3 - -3)?
2
What is the value of (1 - 4) + -3 + (-1 - 0)?
-7
What is the value of -3 + 4 + -5 - -1?
-3
Evaluate (-13 - -14) + 0 + -7.
-6
What is the value of (2 - (5 - 1)) + (5 - 4)?
-1
Calculate 2 + 2 - (7 + 4 + -8).
1
Calculate 1 + -27 + 26 + 3 + 1.
4
Evaluate (13 - (1 - -6)) + -6.
0
Evaluate -4 + 0 + 18 + -14.
0
What is (0 - 4) + (4 - 2) + -4?
-6
Calculate -8 - -6 - (-3 + 4).
-3
What is (2 - -5 - 14) + 17 - 3?
7
Evaluate 5 + -1 + 67 + -77.
-6
What is the value of -15 + 12 + (3 - 2)?
-2
What is 61 + -52 - (13 - 0)?
-4
What is the value of (-1 - -3) + -5 + 1?
-2
What is the value of 0 + (5 - 2 - 7)?
-4
What is 5 + (-3 + 3 - 3)?
2
Evaluate -6 - ((0 - 1) + 2) - -4.
-3
Evaluate 1 + (4 + 8 - 7).
6
What is the value of (-6 - -4) + 4 - -1?
3
Evaluate 15 - (7 - (4 - 9)).
3
What is -3 + 3 - (0 - 2)?
2
-28 - -20 - (-2 - 4)
-2
0 + -3 - (0 - -1)
-4
1 + -3 + 2 - (1 + -4)
3
What is the value of -3 + (-3 - -6 - 1) - 0?
-1
What is -6 - ((-3 - -3) + -5)?
-1
Evaluate -20 - -22 - (-6 - -2).
6
Evaluate -17 - (0 - (1 - -5)).
-11
What is the value of (1 - -2 - -8) + -6?
5
What is the value of -3 - (6 - 6) - 1?
-4
-5 - -1 - -3 - -8 - 2
5
What is (-3 - (0 - 2)) + (2 - 3)?
-2
1 - (-5 - -3 - 1)
4
What is the value of 4 - (2 + -3) - 9?
-4
-13 - -13 - ((-1 - -4) + 0)
-3
Calculate -2 - 1 - (21 + -18).
-6
46 + -53 - (-1 - -1 - 2)
-5
What is the value of -1 + -2 - (0 + -2 - -2)?
-3
Calculate 4 - 5 - (0 + (-3 - 1)).
3
What is the value of -14 + 10 - (2 - 9)?
3
1 - (2 + (-9 - -3)) - 3
2
What is the value of 1 + -4 + (-3 - -3)?
-3
2 - (6 - 3) - -4
3
5 - ((3 - 3) + 1)
4
190 + -188 - (8 - 0 - 1)
-5
Calculate -2 + 1 + (2 - 0).
1
What is (16 - 1) + (-252 - -239)?
2
What is (98 - 102) + (8 - 0) + 0?
4
What is the value of -3 - (-6 - -9) - -5?
-1
What is 5 - (5 + -11 - -3)?
8
Evaluate -2 - (0 - (-4 + 0 - 1)).
-7
Calculate (-9 + 11 - (2 + -7)) + -15.
-8
Evaluate 0 + -1 + (2 - -4) + -2.
3
Calculate (0 + -8 - -6) + 1.
-1
3 - (8 - 10 - -6)
-1
Evaluate -8 - 1 - (-2 + 4) - -6.
-5
Calculate 0 + (2 - ((4 - 0) + -4)).
2
What is -6 - (-3 + -1 - (3 - -6))?
7
Calculate -2 - (-2 + 4 + -2).
-2
Calculate -2 - (3 + 0 + (0 - 0)).
-5
Evaluate (14 - (27 + -7)) + 7 + 1.
2
What is the value of (7 - (6 - 2)) + -6?
-3
What is (-3 - (0 - 1)) + 2?
0
What is -2 + 6 + -7 - (-6 - 1)?
4
Calculate -4 - -1 - (2 - 5).
0
Evaluate -6 - (0 - (-4 - -4)).
-6
What is -107 - -110 - (0 - -5)?
-2
Evaluate (2 - 6) + 7 - (0 - 0).
3
Calculate 2 - (0 + 1) - 2.
-1
Evaluate (4 - 0) + (2 - 4).
2
-2 + 10 - (2 - 0)
6
Calculate (0 - 0) + -11 + 9 - 3.
-5
What is 6 + (6 - 22) + 5?
-5
Evaluate 4 - ((9 - 9) + -3 + 3).
4
Calculate 2 - (1 + 3 + 5 + -5).
-2
What is the value of 2 - 2 - 8 - (-12 + 7)?
-3
Evaluate 11 + -3 + (0 - 1).
7
Calculate (5 + -3 - 4) + 3.
1
Evaluate (3 - -1) + (30 - 36).
-2
Evaluate (1 - -4) + -38 + 28.
-5
Calculate -14 - -7 - -6 - -2 - 5.
-4
Calculate 1 + (-4 - (-5 - -2)).
0
-3 - (-3 + -7 + 14)
-7
Evaluate (17 - (20 + 0)) + (1 - 2).
-4
What is the value of -3 + -2 + 3 + (7 - 6)?
-1
What is the value of -7 + (-11 - (1 + -11))?
-8
What is the value of 6 + -1 + (5 - 7) + 0?
3
What is (1 - ((3 - 2) + 2)) + 1?
-1
What is 4 - ((1 - -2) + 4 + -4)?
1
What is -5 - (-3 + 0 + (4 - 3))?
-3
Evaluate 7 + (-9 - (-1 + -1) - -2).
2
3 - (1 - 3 - -1) - -1
5
What is the value of 5 - ((2 - -4) + -2) - 2?
-1
Evaluate 1 - (0 + 0 + (8 - 7)).
0
Calculate (2 - (4 + -8)) + -12.
-6
Calculate (5 - 4) + (-3 - -7).
5
What is 6 - ((13 - 6) + 3)?
-4
Evaluate -4 - -11 - -2 - 4.
5
Calculate (-3 - 0 - -4) + 3 - 1.
3
What is -2 - 7 - (-10 - (3 - 9))?
-5
-5 + 2 + -12 + 12 - -4
1
Evaluate 7 - (-7 - (-17 - (0 - 6))).
3
What is 1 - (-6 - (-3 + -1))?
3
What is -3 - (4 - 3) - -5?
1
What is -1 + 1 + 6 + (-3 - -2)?
5
What is the value of -4 - (-9 + (2 - -11))?
-8
15 + -9 + 7 + -11
2
Calculate 4 - (4 - (-4 + 11 + -5)).
2
7 + 3 + -9 - 3
-2
Calculate 0 - 5 - (-2 - (-2 - -11)).
6
(4 + -16 - -3) + 3 - -4
-2
What is the value of 5 + -2 + 4 + -3?
4
Calculate (-2 - -7) + 0 + -2.
3
Evaluate -15 - ((3 - 15) + 3).
-6
Calculate -3 - (4 + 3 + -4 + -7).
1
What is the value of 0 + (-3 - -1) + 0?
-2
What is 5 + (-8 + 15 - 16)?
-4
Evaluate (5 - 10) + 2 + 11 + 2.
10
Calculate -2 - -5 - (-6 + 7) - -1.
3
What is -1 + 5 + 19 + -22 + 6?
7
Evaluate -3 - (-4 + (1 - 1)).
1
Calculate 3 + 0 + (-2 - 6).
-5
What is 4 + (-8 + -8 + 21 - 1)?
8
What is the value of (-4 - -5 - 0 - -3) + -9?
-5
Evaluate -1 + (-12 - (12 - 33)).
8
0 + -2 + (-8 - -7) + 7
4
What is (0 - (-5 + -1)) + 63 + -61?
8
What is the value of (-16 - (-1 - 9)) + 5?
-1
Evaluate -1 + (-2 - 1 - -1) + 2.
-1
Evaluate -8 + 11 + (-6 - -1).
-2
Evaluate (2 + -1 - 9) + -1 + 4.
-5
Evaluate -3 + 8 + -2 - (5 - 0).
-2
What is 1 + (5 + -6 - -4)?
4
Evaluate -3 - (3 + -3) - 2.
-5
3 - (-10 - -5 - -11)
-3
What is the value of 4 - (5 - 0) - -1?
0
Evaluate 6 + -2 + -8 + 10 + -11.
-5
-54 + 49 + (2 - 1) + 0
-4
What is the value of (10 - 3) + -2 + -3 - 7?
-5
Evaluate (-8 - (6 - 22)) + -3.
5
(1 - -1 - (-5 + 6)) + -5
-4
Calculate -1 + 0 - (15 + -11).
-5
Evaluate 3 + (-4 - 2) + -5.
-8
Evaluate -6 - (-4 - 10 - -7).
1
2 + -2 + (18 - 12)
6
Evaluate -11 - (0 + 2 - (4 - -1)).
-8
-4 - (1 + -5 + 8)
-8
Calculate (2 - 2) + -8 + -2 + 6.
-4
What is -3 + (7 - -2) - 3?
3
Calculate -1 - (5 - (-6 + -1 + 6)).
-7
What is the value of -4 + 5 + 6 + (-6 - -4)?
5
What is the value of (-4 - (7 + -11 - 2)) + -5?
-3
What is the value of -2 - (-1 - (-4 + 2 + -2))?
-5
What is the value of (0 - 10) + 237 + -235?
-8
Calculate 10 - (4 - -4 - -6).
-4
-1 + (11 - 5) + -1
4
Evaluate 1 + -10 + (-33 - -40).
-2
What is the value of -14 - -14 - (-2 - 0)?
2
Calculate (-2 - -1) + (9 - 2).
6
Calculate -4 + (3 - (4 - 1)).
-4
Evaluate (-2 - (-4 - -4)) + 1.
-1
7 + (5 + -9 - (0 + -2))
5
-5 + 5 + -3 + 2
-1
1 - (-3 + 3 + -2) - -2
5
Calculate (2 - (-4 + 13)) + 4 + 2.
-1
Calculate -4 + 17 + -8 - (4 - -1).
0
What is -1 + 9 + -3 + -4?
1
-15 + 5 + 21 + -6
5
Evaluate 9 - -7 - 7 - 5.
4
(-4 - -4) + -6 + (4 - -7)
5
What is the value of 17 - (4 - 2) - (-7 - -15)?
7
-1 + (-6 - -7 - -6) - 13
-7
What is the value of 5 + (5 + 5 - 7) + -6?
2
6 - (2 + (1 - 2))
5
What is the value of 0 + 1 + -3 - (-14 - -15)?
-3
What is the value of (-5 - (-2 + -7) - 10) + 2?
-4
What is the value of (6 - 14 - -3) + 2 + -1?
-4
What is 0 - 4 - (-18 + (14 - -3))?
-3
Evaluate (3 - -1) + -2 + 0 - -6.
8
Evaluate (3 - 8 - 1) + 5.
-1
Calculate -2 + (3 - 4) + (2 - 4).
-5
3 + -4 + 3 - (18 - 19)
3
Evaluate 3 + -4 - (-2 - 0) - 2.
-1
24 + -28 + (-2 - 1)
-7
Evaluate -1 + 7 + 55 + -59.
2
Calculate 0 + 3 + -2 - -2 - -1.
4
3 + -2 + (-4 - (-1 + -5))
3
What is (-1 - 0) + (7 - (-7 - -10))?
3
-1 + -2 - (7 + (-1 - 7))
-2
Evaluate (8 - 5) + 0 + -1.
2
Evaluate -1 + 1 - -5 - (118 - 116).
3
What is the value of 0 - (-5 - -8) - (-3 - -4)?
-4
Calculate -5 + 8 + (1 - 5).
-1
What is -3 + 4 + -4 + 4?
1
What is the value of 0 - (-2 - (-8 + 3))?
-3
Calculate 4 + (-4 - -3) - 11.
-8
Evaluate (-3 + (1 - 0) - -4) + 1.
3
Evaluate 54 + -51 + (5 - -1).
9
What is the value of -3 + 5 - (-4 - -5) - -5?
6
What is the value of (-8 - (6 + -12)) + -3?
-5
What is the value of 1 + 1 + (-8 - (-11 + 8))?
-3
Evaluate -2 - (-2 - 2) - 4 - 1.
-3
(-3 - 0) + 2 + 0 + 0
-1
What is -1 - (-5 - -7 - 0)?
-3
Calculate (4 - (4 - 10 - -14)) + -3.
-7
What is 5 + -4 + 4 + (1 - 2)?
4
What is 0 + 8 + -4 + -1?
3
Evaluate 7 + -9 + 6 + -3.
1
Evaluate (-5 - (4 + -4)) + 6 - 1.
0
What is the value of (4 - 3 - 4) + -2 + 2?
-3
Calculate 3 + -4 + (2 - -2) + 2.
5
Calculate -8 + 29 + -8 - 17.
-4
2 - (5 + -4) - 4
-3
What is 0 + 12 - (49 + -29)?
-8
What is -1 + -2 + (4 + 1 - 7)?
-5
What is the value of (-7 - (0 + 2)) + -8 + 12?
-5
What is the value of 7 + (-5 - 5 - 2)?
-5
Calculate -3 - (-1 + -6 - -4).
0
Calculate -1 + -4 + -1 + -78 + 84.
0
What is the value of (6 - -4) + -4 - 0 - 1?
5
Evaluate (-4 - -2) + 0 + 4.
2
Evaluate 6 + -13 + -10 + 20.
3
Calculate -2 + (-4 - 0) - -7.
1
Calculate 5 + -2 + -5 + 6.
4
Calculate 13 - 4 - 5 - -1 - 0.
5
(8 - 1) + -4 + 2
5
Calculate (3 - -3) + 2 + -1 + -3.
4
Calculate ((10 - 0) + 1 - 1) + -2.
8
What is 3 + (6 - (11 - -2))?
-4
What is -1 + (0 - -8) + -6 + 5?
6
What is -2 + (-5 - (-4 + 0)) + -1?
-4
7 + -1 + 16 + -2 + -18
2
Calculate 11 + -7 +